{"id":3543,"date":"2022-09-05T22:11:55","date_gmt":"2022-09-06T04:11:55","guid":{"rendered":"https:\/\/geekbotelectronics.com\/?post_type=product&#038;p=3543"},"modified":"2023-06-11T23:04:30","modified_gmt":"2023-06-12T05:04:30","slug":"inductor-axial-6-8-uh-1-4-w","status":"publish","type":"product","link":"https:\/\/geekbotelectronics.com\/index.php\/product\/inductor-axial-6-8-uh-1-4-w\/","title":{"rendered":"Inductor Axial 6.8 uH 1\/4 W"},"content":{"rendered":"<h4>Inductor axial 6.8 uH a 1\/4W.<\/h4>\n<p><span style=\"color: #000000;\">Un inductor, bobina o reactor es un <a style=\"color: #000000;\" title=\"Componente electr\u00f3nico\" href=\"https:\/\/es.wikipedia.org\/wiki\/Componente_electr%C3%B3nico\">componente<\/a> pasivo de un <a class=\"mw-redirect\" style=\"color: #000000;\" title=\"Circuito el\u00e9ctrico\" href=\"https:\/\/es.wikipedia.org\/wiki\/Circuito_el%C3%A9ctrico\">circuito el\u00e9ctrico<\/a> que, debido al fen\u00f3meno de la <a style=\"color: #000000;\" title=\"Autoinducci\u00f3n\" href=\"https:\/\/es.wikipedia.org\/wiki\/Autoinducci%C3%B3n\">autoinducci\u00f3n<\/a>, almacena <a style=\"color: #000000;\" title=\"Energ\u00eda el\u00e9ctrica\" href=\"https:\/\/es.wikipedia.org\/wiki\/Energ%C3%ADa_el%C3%A9ctrica\">energ\u00eda<\/a> en forma de <a style=\"color: #000000;\" title=\"Campo magn\u00e9tico\" href=\"https:\/\/es.wikipedia.org\/wiki\/Campo_magn%C3%A9tico\">campo magn\u00e9tico<\/a>.<\/span><\/p>\n<p><span style=\"color: #000000;\">La inductancia\u00a0es algo tan simple como un componente electr\u00f3nico, es solo una bobina de cable. Sin embargo, una simple bobina de cable de estas caracter\u00edsticas puede hacer cosas muy interesantes debido a las propiedades magn\u00e9ticas de la bobina.<\/span><\/p>\n<p>La capacidad de un inductor se controla por cuatro factores:<\/p>\n<ul type=\"disc\">\n<li>El n\u00famero de bobinas \u2013 Mas bobinas significan m\u00e1s inducci\u00f3n.<\/li>\n<li>El material que rodea a las bobinas (el n\u00facleo).<\/li>\n<li>El \u00e1rea y la secci\u00f3n de la bobina. Cuanto m\u00e1s \u00e1rea, m\u00e1s inductancia.<\/li>\n<li>La longitud de la bobina \u2013 una bobina corta significa bobinas m\u00e1s estrechas que se solapan, por lo que significa m\u00e1s redundancia.<\/li>\n<\/ul>\n<p><strong><span style=\"color: #000000;\">\u00a0Especificaciones<\/span><\/strong><\/p>\n<ul>\n<li>Potencia: 1\/4W.<\/li>\n<li>Tolerancia: +\/- 10%<\/li>\n<li>Terminaci\u00f3n: Axial.<\/li>\n<\/ul>\n","protected":false},"excerpt":{"rendered":"<p>Inductor Axial 6.8 uH<\/p>\n","protected":false},"featured_media":1197,"comment_status":"open","ping_status":"closed","template":"","meta":{"_lmt_disableupdate":"no","_lmt_disable":""},"product_brand":[],"product_cat":[171],"product_tag":[],"class_list":{"0":"post-3543","1":"product","2":"type-product","3":"status-publish","4":"has-post-thumbnail","6":"product_cat-inductores","8":"first","9":"instock","10":"taxable","11":"shipping-taxable","12":"purchasable","13":"product-type-simple"},"_links":{"self":[{"href":"https:\/\/geekbotelectronics.com\/index.php\/wp-json\/wp\/v2\/product\/3543"}],"collection":[{"href":"https:\/\/geekbotelectronics.com\/index.php\/wp-json\/wp\/v2\/product"}],"about":[{"href":"https:\/\/geekbotelectronics.com\/index.php\/wp-json\/wp\/v2\/types\/product"}],"replies":[{"embeddable":true,"href":"https:\/\/geekbotelectronics.com\/index.php\/wp-json\/wp\/v2\/comments?post=3543"}],"wp:featuredmedia":[{"embeddable":true,"href":"https:\/\/geekbotelectronics.com\/index.php\/wp-json\/wp\/v2\/media\/1197"}],"wp:attachment":[{"href":"https:\/\/geekbotelectronics.com\/index.php\/wp-json\/wp\/v2\/media?parent=3543"}],"wp:term":[{"taxonomy":"product_brand","embeddable":true,"href":"https:\/\/geekbotelectronics.com\/index.php\/wp-json\/wp\/v2\/product_brand?post=3543"},{"taxonomy":"product_cat","embeddable":true,"href":"https:\/\/geekbotelectronics.com\/index.php\/wp-json\/wp\/v2\/product_cat?post=3543"},{"taxonomy":"product_tag","embeddable":true,"href":"https:\/\/geekbotelectronics.com\/index.php\/wp-json\/wp\/v2\/product_tag?post=3543"}],"curies":[{"name":"wp","href":"https:\/\/api.w.org\/{rel}","templated":true}]}}