{"id":3231,"date":"2022-09-05T22:10:22","date_gmt":"2022-09-06T04:10:22","guid":{"rendered":"https:\/\/geekbotelectronics.com\/?post_type=product&#038;p=3231"},"modified":"2026-04-15T11:13:20","modified_gmt":"2026-04-15T17:13:20","slug":"resistencia-1-6-kohm-1-4-w","status":"publish","type":"product","link":"https:\/\/geekbotelectronics.com\/index.php\/product\/resistencia-1-6-kohm-1-4-w\/","title":{"rendered":"Resistencia 1.6 Kohm 1\/4 W"},"content":{"rendered":"<h4><span style=\"color: #000000\">Resistencia 1.6 kohm 1\/4 W<\/span><\/h4>\n<p><span style=\"color: #000000\">Una resistencia es un elemento pasivo que disipa energ\u00eda en forma de calor seg\u00fan la <a class=\"mw-redirect\" style=\"color: #000000\" title=\"Ley de Joule\" href=\"https:\/\/es.wikipedia.org\/wiki\/Ley_de_Joule\">ley de Joule<\/a>. Tambi\u00e9n establece una relaci\u00f3n de proporcionalidad entre la intensidad de corriente que la atraviesa y la tensi\u00f3n medible entre sus extremos, relaci\u00f3n conocida como <a style=\"color: #000000\" title=\"Ley de Ohm\" href=\"https:\/\/es.wikipedia.org\/wiki\/Ley_de_Ohm\">ley de Ohm<\/a>. En general, una resistencia podr\u00e1 tener diferente comportamiento en funci\u00f3n del tipo de corriente que circule por ella.<\/span><\/p>\n<p><span style=\"color: #000000\">Las resistencias se utilizan normalmente en aplicaciones que requieren electricidad para cambiar a una forma diferente con el fin de ser utilizadas. Por ejemplo, las resistencias se utilizan con transductores para convertir las se\u00f1ales el\u00e9ctricas en sonido. Sin embargo, las resistencias de potencia se utilizan con mayor frecuencia para regular la propia potencia y limitar la cantidad de energ\u00eda que puede pasar en los circuitos digitales o en los peque\u00f1os motores para que la corriente no da\u00f1e los componentes el\u00e9ctricos.<\/span><\/p>\n<p><span style=\"color: #000000\">Las\u00a0resistencias son\u00a0uno de los tipos b\u00e1sicos de componentes electr\u00f3nicos. Tienen dos terminales y un semiconductor,\u00a0est\u00e1 formada por carb\u00f3n y otros elementos resistivos. Un semiconductor es justo lo que parece: algo que conduce la electricidad, pero no tan bien. Mientras que los conductores como el cobre y el oro se utilizan en circuitos para permitir el flujo de electricidad libremente, un semiconductor se utiliza para proporcionar una cierta resistencia al flujo de electricidad. Es por eso que una resistencia tiene este nombre. Cuando la electricidad pasa a trav\u00e9s de los semiconductores, parte de ella se convierte en calor. Cuanto mayor sea el voltaje, mayor es la energ\u00eda.<\/span><\/p>\n<p><strong>Especificaciones<\/strong><\/p>\n<p>Valor: 1.6 kohm<\/p>\n<p>Potencia:\u00a0\u00bc W<\/p>\n<p>Tolerancia: \u00b11%<\/p>\n","protected":false},"excerpt":{"rendered":"<p>Las\u00a0resistencias son\u00a0uno de los tipos b\u00e1sicos de componentes electr\u00f3nicos. Tienen dos terminales y un semiconductor,\u00a0est\u00e1 formada por carb\u00f3n y otros elementos resistivos.<\/p>\n","protected":false},"featured_media":165,"comment_status":"open","ping_status":"closed","template":"","meta":{"_lmt_disableupdate":"no","_lmt_disable":""},"product_brand":[],"product_cat":[74,55],"product_tag":[],"class_list":{"0":"post-3231","1":"product","2":"type-product","3":"status-publish","4":"has-post-thumbnail","6":"product_cat-1-4-w-1-2w","7":"product_cat-resistencias","9":"first","10":"instock","11":"taxable","12":"shipping-taxable","13":"purchasable","14":"product-type-simple"},"_links":{"self":[{"href":"https:\/\/geekbotelectronics.com\/index.php\/wp-json\/wp\/v2\/product\/3231"}],"collection":[{"href":"https:\/\/geekbotelectronics.com\/index.php\/wp-json\/wp\/v2\/product"}],"about":[{"href":"https:\/\/geekbotelectronics.com\/index.php\/wp-json\/wp\/v2\/types\/product"}],"replies":[{"embeddable":true,"href":"https:\/\/geekbotelectronics.com\/index.php\/wp-json\/wp\/v2\/comments?post=3231"}],"wp:featuredmedia":[{"embeddable":true,"href":"https:\/\/geekbotelectronics.com\/index.php\/wp-json\/wp\/v2\/media\/165"}],"wp:attachment":[{"href":"https:\/\/geekbotelectronics.com\/index.php\/wp-json\/wp\/v2\/media?parent=3231"}],"wp:term":[{"taxonomy":"product_brand","embeddable":true,"href":"https:\/\/geekbotelectronics.com\/index.php\/wp-json\/wp\/v2\/product_brand?post=3231"},{"taxonomy":"product_cat","embeddable":true,"href":"https:\/\/geekbotelectronics.com\/index.php\/wp-json\/wp\/v2\/product_cat?post=3231"},{"taxonomy":"product_tag","embeddable":true,"href":"https:\/\/geekbotelectronics.com\/index.php\/wp-json\/wp\/v2\/product_tag?post=3231"}],"curies":[{"name":"wp","href":"https:\/\/api.w.org\/{rel}","templated":true}]}}