{"id":26284,"date":"2025-11-19T14:12:07","date_gmt":"2025-11-19T20:12:07","guid":{"rendered":"https:\/\/geekbotelectronics.com\/?post_type=product&#038;p=26284"},"modified":"2025-12-15T14:17:48","modified_gmt":"2025-12-15T20:17:48","slug":"indicador-con-piloto-verde-ad16-22ds","status":"publish","type":"product","link":"https:\/\/geekbotelectronics.com\/index.php\/product\/indicador-con-piloto-verde-ad16-22ds\/","title":{"rendered":"Indicador con Piloto Verde AD16-22DS"},"content":{"rendered":"<p>El indicador\u00a0AD16-22DS es un instrumento de luz LED utilizado para la iluminaci\u00f3n en sistemas de controles autom\u00e1ticos. Muchas veces llamado foco piloto porque funcionan como elementos visuales de confirmaci\u00f3n de presencia el\u00e9ctrica.<\/p>\n<p>Su cubierta de policarbonato de alta resistencia y terminales de tornillo facilitan su instalaci\u00f3n, garantizando durabilidad y resistencia a impactos, siendo ideal para tableros de control, maquinaria industrial y aplicaciones de automatizaci\u00f3n.<\/p>\n","protected":false},"excerpt":{"rendered":"<p>El indicador\u00a0AD16-22DS es un instrumento de luz LED utilizado para la iluminaci\u00f3n en sistemas de controles autom\u00e1ticos. Muchas veces llamado foco piloto porque funcionan como elementos visuales de confirmaci\u00f3n de presencia el\u00e9ctrica. Su cubierta de policarbonato de alta resistencia y terminales de tornillo facilitan su instalaci\u00f3n, garantizando durabilidad y resistencia a impactos, siendo ideal para [&hellip;]<\/p>\n","protected":false},"featured_media":0,"comment_status":"open","ping_status":"closed","template":"","meta":{"_lmt_disableupdate":"no","_lmt_disable":""},"product_brand":[],"product_cat":[48],"product_tag":[],"class_list":{"0":"post-26284","1":"product","2":"type-product","3":"status-publish","5":"product_cat-visualizadores","7":"first","8":"instock","9":"taxable","10":"shipping-taxable","11":"purchasable","12":"product-type-simple"},"_links":{"self":[{"href":"https:\/\/geekbotelectronics.com\/index.php\/wp-json\/wp\/v2\/product\/26284"}],"collection":[{"href":"https:\/\/geekbotelectronics.com\/index.php\/wp-json\/wp\/v2\/product"}],"about":[{"href":"https:\/\/geekbotelectronics.com\/index.php\/wp-json\/wp\/v2\/types\/product"}],"replies":[{"embeddable":true,"href":"https:\/\/geekbotelectronics.com\/index.php\/wp-json\/wp\/v2\/comments?post=26284"}],"wp:attachment":[{"href":"https:\/\/geekbotelectronics.com\/index.php\/wp-json\/wp\/v2\/media?parent=26284"}],"wp:term":[{"taxonomy":"product_brand","embeddable":true,"href":"https:\/\/geekbotelectronics.com\/index.php\/wp-json\/wp\/v2\/product_brand?post=26284"},{"taxonomy":"product_cat","embeddable":true,"href":"https:\/\/geekbotelectronics.com\/index.php\/wp-json\/wp\/v2\/product_cat?post=26284"},{"taxonomy":"product_tag","embeddable":true,"href":"https:\/\/geekbotelectronics.com\/index.php\/wp-json\/wp\/v2\/product_tag?post=26284"}],"curies":[{"name":"wp","href":"https:\/\/api.w.org\/{rel}","templated":true}]}}